= -2*k**2 + k - 2. Determine t(s).
-12
Let v(o) be the third derivative of -1/8*o**4 + 1/120*o**6 - 35*o**2 + 0*o + 1/6*o**3 + 1/15*o**5 + 0. Give v(-5).
-9
Let q(b) be the second derivative of 0*b**2 + 1/6*b**3 + 0 - 2*b. Let g = -1543 + 1544. Calculate q(g).
1
Let v(n) = 18 + 15*n - n**2 - 7 - 6*n - 17. Determine v(6).
12
Suppose -4*s - 2*m + 2 + 2 = 0, 2*s + 2*m = -2. Suppose 3*w = 2*x + 15 + s, 4*w = 16. Let r(j) = j**3 + 3*j**2 - j + 1. Give r(x).
4
Suppose o + 16 = 3*q, 2*q = -0*q + 4*o - 6. Let l(a) = 2*a**2 - 7*a - 6. Let x(z) = 2*z**2 - 8*z - 7. Let f(v) = q*l(v) - 6*x(v). Calculate f(2).
6
Let d(a) = -19*a**2 + 5*a - 9 + 20*a**2 - 10. Let z be d(-7). Let x(y) = -y**2 - 6*y - 6. Give x(z).
-1
Let f(w) = w**3 - 2*w**2 - w. Let q(k) = -4*k**3 + 16*k**2 + 4*k - 2. Let b(v) = 5*f(v) + q(v). Give b(-6).
4
Let x be (1 + 0 - (-95)/(-57))*-18. Let o(z) = -z**2 + 11*z + 8. Calculate o(x).
-4
Let v(u) = -u**2 + 3*u + 17. Let i(t) = -t**3 - 12*t**2 + 29*t + 19. Let w be i(-14). Let f be v(w). Let d(l) = l**3 - 6*l**2 - 8*l + 2. Calculate d(f).
-5
Let m(r) = r**2 - 3*r - 6. Let d be -1*(-6)/(-2) + 17. Let a = -9 + d. What is m(a)?
4
Let v(x) = -2*x**2 + x. Suppose 10*q + 10 = -0. Give v(q).
-3
Let b(k) be the first derivative of -2/3*k**3 - 28 - k + 0*k**2. Determine b(-1).
-3
Let k(m) = -4 + 11 - 5 - 4*m - 4. Calculate k(-4).
14
Let w(q) = 5*q - 3. Let g(b) = 5*b - 4. Let o(s) = -2*g(s) + 3*w(s). Let t(h) = 6*h - 1. Suppose 5*u + 26 = 6. Let k(r) = u*o(r) + 3*t(r). What is k(1)?
-1
Let g(u) be the first derivative of -u**4/4 + 5*u**3/3 - 7*u**2/2 + 6*u - 4. Let p = -19 + 43. Let z = 28 - p. Give g(z).
-6
Let t = -26 + 97. Let q(c) = -43*c**2 + 1 - 32*c**2 + t*c**2. Let h be (2 + 0)/(2 - 0). What is q(h)?
-3
Let o(m) = 9*m**3 + m**2 - 2*m + 1. Suppose -4*q - c = -0*c - 7, -4*c = 2*q. Suppose d = -9 - q. Let v(k) = k**2 + 12*k + 12. Let t be v(d). What is o(t)?
9
Let t(x) = 16*x + 12. Let u(v) = -5*v - 4. Let b = 5 - 2. Let d(a) = b*t(a) + 10*u(a). Give d(-5).
6
Let m(t) = -t**2 + 3*t + 15. Let k(x) = x**2 - 15. Let f(q) = 3*k(q) + 2*m(q). Calculate f(-7).
-8
Suppose 17*t - 207 = -71. Let d(r) = 10*r - t*r - r + 1 - r**2 + 0. Let v be (2/(-3))/(1/3). Give d(v).
-5
Suppose -g - 1 = -4*t - 0*t, -2*t = -g + 1. Let y(w) = -34*w**3 + 6*w**2 + 17*w**3 + 18*w**3 + g*w - 5. Determine y(-5).
5
Let g = -12 + 16. Let d(z) = 2 + z**2 + 2*z - 6*z - 8*z + 8*z. Calculate d(g).
2
Let d = 31 - 31. Suppose d = 8*m - 34 + 10. Let y(p) = -p**3 + 2*p**2 + p + 2. What is y(m)?
-4
Let j(g) = -16*g**2 + 57*g + g**3 + 0 + 4 - 54*g + 19*g**2. Determine j(-3).
-5
Let n(a) = -2*a**2 + 11*a - 18. Let c be n(8). Let p = c - -64. Let g(x) = -3*x + 3 + 2*x - x. Give g(p).
-9
Suppose 7*x - 5*x + 8 = d, x = -d - 4. Let t(w) = w**3 - w**2 + 3*w + 14. Give t(d).
14
Let o(t) = 13*t + 3. Let x = -186 - -184. Calculate o(x).
-23
Let f(d) = d**2 - 9*d - 22. Let s be f(11). Let c(t) = 0*t**3 + 6*t**2 + s*t - t**3 - 10*t + 4*t. Determine c(5).
-5
Let z = -21 - -39. Let a be z/15*(-10)/(-3). Let y(d) = 0*d - 8*d + a*d + 3*d. Give y(3).
-3
Suppose 3*m - 1 = 8, m = 5*t - 12. Suppose -w - t*b + 5 = -5, -3*w + 9 = 2*b. Let i(q) = 9*q**3 + 1. Calculate i(w).
10
Let f be (1/(-2))/(6/(-36)). Let k(x) = 2*x - 2*x**2 - 3 + 2 + f*x. Let i(a) = 2*a**2 - 8*a - 20. Let o be i(6). Give k(o).
-13
Let j(f) be the second derivative of 0 - 2/3*f**3 + 1/20*f**5 + 11*f + 3/2*f**2 - 1/12*f**4. What is j(2)?
-1
Let a(b) = 19*b - 23. Let p be a(1). Let t(z) = z**2 - 3*z - 5. Determine t(p).
23
Let t(d) = -2*d + 4. Suppose -4*q + 4*b - 4 = 0, -q - 2*b - 1 = -3. Suppose -u + q = 3. Let s be -1 + 6 + u + 1. Give t(s).
-2
Let i(a) be the first derivative of a**4/4 + 8*a**3/3 + 4*a**2 + 3*a - 45. Determine i(-7).
-4
Let y(u) = u**2 - 17*u - 9. Let k be (54/189 - (-234)/14)*1. Determine y(k).
-9
Let h(b) = -13*b - 263 - b**3 + 265 + 13*b**2 + b**2. Give h(13).
2
Let v = 21 - 17. Let b(g) = 5 - g - v + 3. What is b(0)?
4
Let i(s) = -s**3 + 9*s**2 - 9*s + 5. Let o be (((-70)/4)/(-7))/5*16. Calculate i(o).
-3
Let n(c) = 6*c + 5*c**2 - 3*c**2 - c**2 - 9. Let y = 2200 - 2207. What is n(y)?
-2
Let l(f) = 17*f - 9. Let c(j) = 8*j - 7. Let d(h) = 56*h - 48. Let w(i) = 20*c(i) - 3*d(i). Let r = -197 - -202. Let y(o) = r*w(o) + 2*l(o). Determine y(-2).
14
Let p(i) = i**2 - 8*i + 4. Let j be p(8). Let r(k) = -9*k**3 + 1 - 2*k**3 + j*k**3. What is r(1)?
-6
Suppose 18 = 4*f + 2*m, -6*f + 4*m = -2*f + 12. Let t(y) = -4 + 2 + 0 - f*y. Let d(p) = -p**3 - 10*p**2 - 11*p - 12. Let h be d(-9). Determine t(h).
-14
Let t(o) = o. Let k(i) = -6*i. Let r(q) = -4*k(q) - 22*t(q). Let m be (10/(-15))/(8/12). Calculate r(m).
-2
Let d(i) = -i + 4. Let a(j) = -3*j + 7. Let m(t) = 4*a(t) - 7*d(t). Let o be (5/15)/(2/(-6)). Let s be (6/(-3))/(-2 - o). Give m(s).
-10
Let j(a) = a**2 + 0*a**2 - 3 + 4 + 5*a. Let v = -1344 - -1338. Calculate j(v).
7
Let d(n) = 3*n**3 - 6*n**2 + n - 11. Let p(z) = -z**3 - 4*z**2. Let s(k) = -d(k) - 2*p(k). Give s(14).
-3
Let t(f) = -41*f - 3. Let a(c) = 10*c. Let h(b) = -4*a(b) - t(b). Suppose -2*o + 4*o + 16 = 3*l, -o - 23 = -4*l. What is h(l)?
9
Let y(a) = 466584*a**2 - 466584*a**2 + 1 + a - 4*a**3. Calculate y(-2).
31
Suppose -5*c - 6 = -8*c. Let p(v) = 14*v**c + 2 + 3*v**2 - v - 2. What is p(1)?
16
Let a be (3 + (-33)/6)*-2. Let f be (-2)/a + 15/(-25). Let y(r) = 658*r**2 - 5*r + 4*r - 647*r**2. What is y(f)?
12
Let k(f) = 4*f - 7*f + 72 + f**2 - 65 + 7*f. Give k(-3).
4
Let x(v) be the third derivative of 1/12*v**4 + 0*v - 26*v**2 + 0 + 7/120*v**6 + 1/6*v**3 + 1/30*v**5. Determine x(-1).
-6
Let w(h) = -5*h + 1. Let y(c) = c**3 + 11*c**2 - 13*c - 14. Suppose -4*o = -5*f - 146, -5*o = 4*f - 2*o + 123. Let q = 18 + f. Let p be y(q). What is w(p)?
11
Suppose -9*q = -3*h - 8*q, 0 = -h + 2*q. Let l(z) = z**3. Let i(b) = 7*b**3 + b**2 + b + 6. Let k(s) = -i(s) + 6*l(s). Calculate k(h).
-6
Suppose -i + 0 = -1. Let f(l) = 2*l - 5. Let k(v) = -5*v + 11. Let h(o) = 9*f(o) + 4*k(o). Let x(q) = q. Let n(a) = h(a) + 4*x(a). What is n(i)?
1
Let h(s) = s + 2. Suppose 2*z = 4*g - g - 20, 3*g = 3*z + 18. Let x = 1872 - 1884. Let d = x + g. What is h(d)?
-2
Suppose 2*m + 2 = -0*h - 3*h, -2*h - 2*m - 4 = 0. Let t(g) = -1 + h - 3*g + 3*g**2 - 2*g**3 + 0. Suppose -3*p - 3 = 3*b, 40*b + 5*p + 7 = 36*b. Calculate t(b).
-9
Let s(b) = -b**2 - b + 2. Let a = -178 - -176. Give s(a).
0
Suppose -5*w = -2*n + 48, 3*w - w - 3*n = -28. Let l(u) be the third derivative of -u**5/60 - u**4/3 - 5*u**3/3 + 666*u**2 - 2. What is l(w)?
-10
Let d(l) = -2*l**2 + l + 3. Let x = -196 - -194. Determine d(x).
-7
Let p(d) be the second derivative of -d**3/3 + d**2/2 - 23*d - 2. Let n = 3 - 6. Determine p(n).
7
Let i(q) = 5*q + 13. Let h(w) = 3*w - 2*w - 2*w. Let x(l) = -4*h(l) - i(l). Give x(0).
-13
Let o(r) = -5*r - 9. Let v(x) = -x. Let q(g) = o(g) - 4*v(g). Let p = 27 - 27. Suppose -10*h + p*h = 50. Determine q(h).
-4
Let p be (-25)/(-3) + 3/18*-2. Let a(b) = 3*b. What is a(p)?
24
Let v(w) = -9*w - 10. Let t(j) = -4*j - 5. Let s(h) = 14*t(h) - 6*v(h). Suppose 3*k - 18 = -42. Give s(k).
6
Let x(y) = -3*y + 13. Let s(m) = 4*m + 0 - 7 - 3*m. Let a(i) = 7*s(i) + 4*x(i). Let h = 97 - 95. Calculate a(h).
-7
Let x(y) = -13*y - 3 - 3 + 9*y + 1. Calculate x(-6).
19
Suppose -14*v + 75 = v. Let l(i) be the third derivative of i**6/120 - i**5/10 + i**4/4 + i**3/3 + 7*i**2. Give l(v).
7
Let x(v) = 13*v + 10. Let u be x(2). Suppose -2*c + 8 = -2*f + 4*f, -3*f + 5*c + u = 0. Let a(w) = 0 + w**2 + 3 - 2*w**2 + 6*w. Determine a(f).
-4
Let z(y) = y**3 - 3*y**2 - y + 2. Let r = -39 + 47. Suppose -5*q + 2 = -r. What is z(q)?
-4
Let c(t) = -t**2 - 12*t + 6. Let z(f) = -5*f**2 - 51*f + 25. Let k(m) = -9*c(m) + 2*z(m). Calculate k(7).
-11
Suppose -16 = 556*x - 560*x. Let w(q) = q**3 - 4*q**2 + 5*q - 8. Determine w(x).
12
Let l(n) = -n**3 + 13*n**2 - 24*n + 22. Let m be l(11). Let i(w) = w**2 - 3*w - 7. Determine i(m).
-7
Suppose 4 = 4*b, 0 = 3*h + b + 2*b - 33. Let u(t) = 3*t - h - t**3 + 9 - 5*t + 10*t**2 - 6*t**2. Calculate u(3).
2
Let z(w) = -w**3 + 2*w**2 + 2*w - 4. Let d(k) = -12*k - 81. Let s be d(-7). What is z(s)?
-7
Let p(g) = -g**3 + g**2 + 2*g - 67. Let j be p(0). Let l = j + 95. Let k = -31 + l. Let v(f) = 3*f + 4. What is v(k)?
-5
Let b(w) = -9*w**2 - 18*w + 20. Le